{"version":"1.0","provider_name":"Serge Lifar","provider_url":"https:\/\/www.sergelifar.org\/ru\/","title":"Disparition de Monsieur Attilio Labis - Serge Lifar","type":"rich","width":600,"height":338,"html":"<blockquote class=\"wp-embedded-content\" data-secret=\"Lv93ZaCdE3\"><a href=\"https:\/\/www.sergelifar.org\/ru\/disparition-de-monsieur-attilio-labis\/\">Disparition de Monsieur Attilio Labis<\/a><\/blockquote><iframe sandbox=\"allow-scripts\" security=\"restricted\" src=\"https:\/\/www.sergelifar.org\/ru\/disparition-de-monsieur-attilio-labis\/embed\/#?secret=Lv93ZaCdE3\" width=\"600\" height=\"338\" title=\"\u00abDisparition de Monsieur Attilio Labis\u00bb &#8212; Serge Lifar\" data-secret=\"Lv93ZaCdE3\" frameborder=\"0\" marginwidth=\"0\" marginheight=\"0\" scrolling=\"no\" class=\"wp-embedded-content\"><\/iframe><script type=\"text\/javascript\">\n\/* <![CDATA[ *\/\n\/*! This file is auto-generated *\/\n!function(d,l){\"use strict\";l.querySelector&&d.addEventListener&&\"undefined\"!=typeof URL&&(d.wp=d.wp||{},d.wp.receiveEmbedMessage||(d.wp.receiveEmbedMessage=function(e){var t=e.data;if((t||t.secret||t.message||t.value)&&!\/[^a-zA-Z0-9]\/.test(t.secret)){for(var s,r,n,a=l.querySelectorAll('iframe[data-secret=\"'+t.secret+'\"]'),o=l.querySelectorAll('blockquote[data-secret=\"'+t.secret+'\"]'),c=new RegExp(\"^https?:$\",\"i\"),i=0;i<o.length;i++)o[i].style.display=\"none\";for(i=0;i<a.length;i++)s=a[i],e.source===s.contentWindow&&(s.removeAttribute(\"style\"),\"height\"===t.message?(1e3<(r=parseInt(t.value,10))?r=1e3:~~r<200&&(r=200),s.height=r):\"link\"===t.message&&(r=new URL(s.getAttribute(\"src\")),n=new URL(t.value),c.test(n.protocol))&&n.host===r.host&&l.activeElement===s&&(d.top.location.href=t.value))}},d.addEventListener(\"message\",d.wp.receiveEmbedMessage,!1),l.addEventListener(\"DOMContentLoaded\",function(){for(var e,t,s=l.querySelectorAll(\"iframe.wp-embedded-content\"),r=0;r<s.length;r++)(t=(e=s[r]).getAttribute(\"data-secret\"))||(t=Math.random().toString(36).substring(2,12),e.src+=\"#?secret=\"+t,e.setAttribute(\"data-secret\",t)),e.contentWindow.postMessage({message:\"ready\",secret:t},\"*\")},!1)))}(window,document);\n\/\/# sourceURL=https:\/\/www.sergelifar.org\/wp-includes\/js\/wp-embed.min.js\n\/* ]]> *\/\n<\/script>\n","thumbnail_url":"https:\/\/www.sergelifar.org\/wp-content\/uploads\/2023\/02\/icare-1.jpg","thumbnail_width":485,"thumbnail_height":587,"description":"C&#8217;est avec une profonde tristesse que nous apprenons le d\u00e9c\u00e8s d&#8217;Attilio Labis \u00e0 l&#8217;\u00e2ge de 86 ans. Il restera l&#8217;inoubliable interpr\u00e8te d&#8217;Icare, de Serge Lifar, dans la production de 1962 dont les d\u00e9cors avaient \u00e9t\u00e9 cr\u00e9\u00e9s par Picasso. Il \u00e9tait \u00e9galement Pr\u00e9sident du Conseil de la Fondation Serge Lifar. &nbsp; &nbsp; &nbsp;"}

C&#8217;est avec une profonde tristesse que nous apprenons le décès d&#8217;Attilio Labis à l&#8217;âge de 86 ans. Il restera l&#8217;inoubliable interprète d&#8217;Icare, de Serge Lifar, dans la production de 1962 dont les décors avaient été créés par Picasso. Il était également Président du Conseil de la Fondation Serge Lifar. &nbsp; &nbsp; &nbsp;
