{"id":6728,"date":"2023-02-10T18:27:03","date_gmt":"2023-02-10T18:27:03","guid":{"rendered":"https:\/\/dev2023.sergelifar.org\/choregraphies\/la-vie-de-polichinelle\/"},"modified":"2024-06-12T11:23:06","modified_gmt":"2024-06-12T09:23:06","slug":"la-vie-de-polichinelle","status":"publish","type":"page","link":"https:\/\/www.sergelifar.org\/en\/choregraphies\/autres-ballets\/la-vie-de-polichinelle\/","title":{"rendered":"La Vie de Polichinelle"},"content":{"rendered":"<div id=\"pl-6728\"  class=\"panel-layout\" ><div id=\"pg-6728-0\"  class=\"panel-grid panel-no-style\" ><div id=\"pgc-6728-0-0\"  class=\"panel-grid-cell\" ><div id=\"panel-6728-0-0-0\" class=\"so-panel widget widget_sow-editor panel-first-child panel-last-child\" data-index=\"0\" ><div\n\t\t\t\n\t\t\tclass=\"so-widget-sow-editor so-widget-sow-editor-base\"\n\t\t\t\n\t\t>\n<div class=\"siteorigin-widget-tinymce textwidget\">\n\t<p>Ballet en 2 actes et 6 tableaux d'apr\u00e8s une suite de dessins de Giovanni Domenico Tiepolo<\/p>\n<p>Premi\u00e8re : le 22 juin 1934 \u00e0 l\u2019Op\u00e9ra<\/p>\n<p>Musique&nbsp;: Nicolas Nabokov<\/p>\n<p>Argument&nbsp;(ou livret) : Claude S\u00e9ran<\/p>\n<p>D\u00e9cors&nbsp;: Georges Mouveau<\/p>\n<p>Costumes&nbsp;: Pedro Pruna<\/p>\n<p>Direction musicale&nbsp;: Joseph-Eug\u00e8ne Szyfer<\/p>\n<p>Principaux interpr\u00e8tes : Marie-Louise Didion (la belle Acrobate), Paulette Dynalix et Henriette Grelli (deux Acrobates), Louis Lebercher (le Marquis), Serge Lifar (Polichinelle), Lopez (une V\u00e9nitienne), Serge Peretti (Arlequin), Jacqueline Simoni (Madame Polichinelle), Thuillant (la Femme du barbier)<\/p>\n<p style=\"text-align: center;\">* * * * * * * *&nbsp;<\/p>\n<p>[...] \u00ab Madame Claude S\u00e9ran nous apprend que le sieur Polichinelle est n\u00e9 \u00e0 Venise et qu\u2019on lui enseigna de bonne heure l\u2019art de la danse, mais que ces le\u00e7ons furent loin d\u2019aller toutes seules. Il fallut \u00e0 plusieurs reprises employer la force pour ma\u00eetriser le jeune homme qui \u00e9tait paresseux comme une couleuvre et avait des yeux bienveillants uniquement pour une jolie jeune fille qui devint plus tard l\u2019\u00e9pouse. Mais, une fois mari\u00e9, Polichinelle qui s\u2019ennuyait avec sa femme, introduit dans la bergerie une fort jolie acrobate de cirque ; et il va jusqu\u2019au crime en essayant de faire dispara\u00eetre sa femme dans un puits. La justice se m\u00eale de l\u2019affaire, recherche le criminel et s\u2019empare de lui. Polichinelle est ex\u00e9cut\u00e9, mais il ressuscite, parce qu\u2019en fait il est immortel. \u00bb [...]<\/p>\n<p>Jean Delyon in <em>Le Monde illustr\u00e9<\/em>, 30 juin 1934, p. 538<\/p>\n<p>&nbsp;<\/p>\n<p><em>\u00abLa Vie de Polichinelle<\/em> (1934) et <em>Icare<\/em> (1935) marquent, \u00e0 mon sens, le d\u00e9but de la seconde p\u00e9riode de mon activit\u00e9 de chor\u00e9auteur. Une conception neuve de la danse acad\u00e9mique et de ses possibilit\u00e9s illimit\u00e9es m\u2019a permis depuis, tout en restant toujours sur un terrain \u00ab classique \u00bb, d\u2019\u00e9viter les r\u00e9p\u00e9titions, d\u2019avoir recours aux \u00ab bases \u00bb aux \u2013 traditions \u2013 tout en les enrichissant des recherches, des d\u00e9couvertes et des exigences de l\u2019actualit\u00e9, d\u2019\u00e9tablir ce qu\u2019on appelle \u00e0 pr\u00e9sent le style \u00ab n\u00e9o-classique \u00bb. \u00bb<\/p>\n<p>Serge Lifar, <em>Le livre de la danse<\/em>, Les Editions du Journal Musical Fran\u00e7ais, Paris, 1954<\/p>\nngg_shortcode_0_placeholder\n<\/div>\n<\/div><\/div><\/div><\/div><\/div>","protected":false},"excerpt":{"rendered":"<p>Ballet en 2 actes et 6 tableaux d&#8217;apr\u00e8s une suite de dessins de Giovanni Domenico Tiepolo Premi\u00e8re : le 22 juin 1934 \u00e0 l\u2019Op\u00e9ra Musique&nbsp;: Nicolas Nabokov Argument&nbsp;(ou livret) : Claude S\u00e9ran D\u00e9cors&nbsp;: Georges Mouveau Costumes&nbsp;: Pedro Pruna Direction musicale&nbsp;: Joseph-Eug\u00e8ne Szyfer Principaux interpr\u00e8tes : Marie-Louise Didion (la belle Acrobate), Paulette Dynalix et Henriette Grelli <\/p>\n","protected":false},"author":2,"featured_media":0,"parent":7158,"menu_order":0,"comment_status":"closed","ping_status":"closed","template":"template-sousmenu.php","meta":{"_acf_changed":false,"ngg_post_thumbnail":0,"footnotes":""},"class_list":["post-6728","page","type-page","status-publish","hentry"],"acf":[],"yoast_head":"<!-- This site is optimized with the Yoast SEO plugin v27.4 - https:\/\/yoast.com\/product\/yoast-seo-wordpress\/ -->\n<title>La Vie de Polichinelle - Serge Lifar<\/title>\n<meta name=\"robots\" content=\"index, follow, max-snippet:-1, max-image-preview:large, max-video-preview:-1\" \/>\n<link rel=\"canonical\" href=\"https:\/\/www.sergelifar.org\/en\/choregraphies\/autres-ballets\/la-vie-de-polichinelle\/\" \/>\n<meta property=\"og:locale\" content=\"en_US\" \/>\n<meta property=\"og:type\" content=\"article\" \/>\n<meta property=\"og:title\" content=\"La Vie de Polichinelle - Serge Lifar\" \/>\n<meta property=\"og:description\" content=\"Ballet en 2 actes et 6 tableaux d&#039;apr\u00e8s une suite de dessins de Giovanni Domenico Tiepolo Premi\u00e8re : le 22 juin 1934 \u00e0 l\u2019Op\u00e9ra Musique&nbsp;: Nicolas Nabokov Argument&nbsp;(ou livret) : Claude S\u00e9ran D\u00e9cors&nbsp;: Georges Mouveau Costumes&nbsp;: Pedro Pruna Direction musicale&nbsp;: Joseph-Eug\u00e8ne Szyfer Principaux interpr\u00e8tes : Marie-Louise Didion (la belle Acrobate), Paulette Dynalix et Henriette Grelli\" \/>\n<meta property=\"og:url\" content=\"https:\/\/www.sergelifar.org\/en\/choregraphies\/autres-ballets\/la-vie-de-polichinelle\/\" \/>\n<meta property=\"og:site_name\" content=\"Serge Lifar\" \/>\n<meta property=\"article:modified_time\" content=\"2024-06-12T09:23:06+00:00\" \/>\n<meta name=\"twitter:card\" content=\"summary_large_image\" \/>\n<meta name=\"twitter:label1\" content=\"Est. reading time\" \/>\n\t<meta name=\"twitter:data1\" content=\"2 minutes\" \/>\n<script type=\"application\/ld+json\" class=\"yoast-schema-graph\">{\"@context\":\"https:\\\/\\\/schema.org\",\"@graph\":[{\"@type\":\"WebPage\",\"@id\":\"https:\\\/\\\/www.sergelifar.org\\\/en\\\/choregraphies\\\/autres-ballets\\\/la-vie-de-polichinelle\\\/\",\"url\":\"https:\\\/\\\/www.sergelifar.org\\\/en\\\/choregraphies\\\/autres-ballets\\\/la-vie-de-polichinelle\\\/\",\"name\":\"La Vie de Polichinelle - Serge Lifar\",\"isPartOf\":{\"@id\":\"https:\\\/\\\/dev2023.sergelifar.org\\\/en\\\/#website\"},\"datePublished\":\"2023-02-10T18:27:03+00:00\",\"dateModified\":\"2024-06-12T09:23:06+00:00\",\"breadcrumb\":{\"@id\":\"https:\\\/\\\/www.sergelifar.org\\\/en\\\/choregraphies\\\/autres-ballets\\\/la-vie-de-polichinelle\\\/#breadcrumb\"},\"inLanguage\":\"en-US\",\"potentialAction\":[{\"@type\":\"ReadAction\",\"target\":[\"https:\\\/\\\/www.sergelifar.org\\\/en\\\/choregraphies\\\/autres-ballets\\\/la-vie-de-polichinelle\\\/\"]}]},{\"@type\":\"BreadcrumbList\",\"@id\":\"https:\\\/\\\/www.sergelifar.org\\\/en\\\/choregraphies\\\/autres-ballets\\\/la-vie-de-polichinelle\\\/#breadcrumb\",\"itemListElement\":[{\"@type\":\"ListItem\",\"position\":1,\"name\":\"Accueil\",\"item\":\"https:\\\/\\\/dev2023.sergelifar.org\\\/en\\\/\"},{\"@type\":\"ListItem\",\"position\":2,\"name\":\"Choreographies\",\"item\":\"https:\\\/\\\/www.sergelifar.org\\\/en\\\/choregraphies\\\/\"},{\"@type\":\"ListItem\",\"position\":3,\"name\":\"Autres ballets\",\"item\":\"https:\\\/\\\/www.sergelifar.org\\\/en\\\/choregraphies\\\/autres-ballets\\\/\"},{\"@type\":\"ListItem\",\"position\":4,\"name\":\"La Vie de Polichinelle\"}]},{\"@type\":\"WebSite\",\"@id\":\"https:\\\/\\\/dev2023.sergelifar.org\\\/en\\\/#website\",\"url\":\"https:\\\/\\\/dev2023.sergelifar.org\\\/en\\\/\",\"name\":\"Serge Lifar\",\"description\":\"Site officiel de la Fondation Serge Lifar\",\"potentialAction\":[{\"@type\":\"SearchAction\",\"target\":{\"@type\":\"EntryPoint\",\"urlTemplate\":\"https:\\\/\\\/dev2023.sergelifar.org\\\/en\\\/?s={search_term_string}\"},\"query-input\":{\"@type\":\"PropertyValueSpecification\",\"valueRequired\":true,\"valueName\":\"search_term_string\"}}],\"inLanguage\":\"en-US\"}]}<\/script>\n<!-- \/ Yoast SEO plugin. -->","yoast_head_json":{"title":"La Vie de Polichinelle - Serge Lifar","robots":{"index":"index","follow":"follow","max-snippet":"max-snippet:-1","max-image-preview":"max-image-preview:large","max-video-preview":"max-video-preview:-1"},"canonical":"https:\/\/www.sergelifar.org\/en\/choregraphies\/autres-ballets\/la-vie-de-polichinelle\/","og_locale":"en_US","og_type":"article","og_title":"La Vie de Polichinelle - Serge Lifar","og_description":"Ballet en 2 actes et 6 tableaux d'apr\u00e8s une suite de dessins de Giovanni Domenico Tiepolo Premi\u00e8re : le 22 juin 1934 \u00e0 l\u2019Op\u00e9ra Musique&nbsp;: Nicolas Nabokov Argument&nbsp;(ou livret) : Claude S\u00e9ran D\u00e9cors&nbsp;: Georges Mouveau Costumes&nbsp;: Pedro Pruna Direction musicale&nbsp;: Joseph-Eug\u00e8ne Szyfer Principaux interpr\u00e8tes : Marie-Louise Didion (la belle Acrobate), Paulette Dynalix et Henriette Grelli","og_url":"https:\/\/www.sergelifar.org\/en\/choregraphies\/autres-ballets\/la-vie-de-polichinelle\/","og_site_name":"Serge Lifar","article_modified_time":"2024-06-12T09:23:06+00:00","twitter_card":"summary_large_image","twitter_misc":{"Est. reading time":"2 minutes"},"schema":{"@context":"https:\/\/schema.org","@graph":[{"@type":"WebPage","@id":"https:\/\/www.sergelifar.org\/en\/choregraphies\/autres-ballets\/la-vie-de-polichinelle\/","url":"https:\/\/www.sergelifar.org\/en\/choregraphies\/autres-ballets\/la-vie-de-polichinelle\/","name":"La Vie de Polichinelle - Serge Lifar","isPartOf":{"@id":"https:\/\/dev2023.sergelifar.org\/en\/#website"},"datePublished":"2023-02-10T18:27:03+00:00","dateModified":"2024-06-12T09:23:06+00:00","breadcrumb":{"@id":"https:\/\/www.sergelifar.org\/en\/choregraphies\/autres-ballets\/la-vie-de-polichinelle\/#breadcrumb"},"inLanguage":"en-US","potentialAction":[{"@type":"ReadAction","target":["https:\/\/www.sergelifar.org\/en\/choregraphies\/autres-ballets\/la-vie-de-polichinelle\/"]}]},{"@type":"BreadcrumbList","@id":"https:\/\/www.sergelifar.org\/en\/choregraphies\/autres-ballets\/la-vie-de-polichinelle\/#breadcrumb","itemListElement":[{"@type":"ListItem","position":1,"name":"Accueil","item":"https:\/\/dev2023.sergelifar.org\/en\/"},{"@type":"ListItem","position":2,"name":"Choreographies","item":"https:\/\/www.sergelifar.org\/en\/choregraphies\/"},{"@type":"ListItem","position":3,"name":"Autres ballets","item":"https:\/\/www.sergelifar.org\/en\/choregraphies\/autres-ballets\/"},{"@type":"ListItem","position":4,"name":"La Vie de Polichinelle"}]},{"@type":"WebSite","@id":"https:\/\/dev2023.sergelifar.org\/en\/#website","url":"https:\/\/dev2023.sergelifar.org\/en\/","name":"Serge Lifar","description":"Site officiel de la Fondation Serge Lifar","potentialAction":[{"@type":"SearchAction","target":{"@type":"EntryPoint","urlTemplate":"https:\/\/dev2023.sergelifar.org\/en\/?s={search_term_string}"},"query-input":{"@type":"PropertyValueSpecification","valueRequired":true,"valueName":"search_term_string"}}],"inLanguage":"en-US"}]}},"_links":{"self":[{"href":"https:\/\/www.sergelifar.org\/en\/wp-json\/wp\/v2\/pages\/6728","targetHints":{"allow":["GET"]}}],"collection":[{"href":"https:\/\/www.sergelifar.org\/en\/wp-json\/wp\/v2\/pages"}],"about":[{"href":"https:\/\/www.sergelifar.org\/en\/wp-json\/wp\/v2\/types\/page"}],"author":[{"embeddable":true,"href":"https:\/\/www.sergelifar.org\/en\/wp-json\/wp\/v2\/users\/2"}],"replies":[{"embeddable":true,"href":"https:\/\/www.sergelifar.org\/en\/wp-json\/wp\/v2\/comments?post=6728"}],"version-history":[{"count":5,"href":"https:\/\/www.sergelifar.org\/en\/wp-json\/wp\/v2\/pages\/6728\/revisions"}],"predecessor-version":[{"id":7405,"href":"https:\/\/www.sergelifar.org\/en\/wp-json\/wp\/v2\/pages\/6728\/revisions\/7405"}],"up":[{"embeddable":true,"href":"https:\/\/www.sergelifar.org\/en\/wp-json\/wp\/v2\/pages\/7158"}],"wp:attachment":[{"href":"https:\/\/www.sergelifar.org\/en\/wp-json\/wp\/v2\/media?parent=6728"}],"curies":[{"name":"wp","href":"https:\/\/api.w.org\/{rel}","templated":true}]}}

<div id="pl-6728"  class="panel-layout" ><div id="pg-6728-0"  class="panel-grid panel-no-style" ><div id="pgc-6728-0-0"  class="panel-grid-cell" ><div id="panel-6728-0-0-0" class="so-panel widget widget_sow-editor panel-first-child panel-last-child" data-index="0" ><div
			
			class="so-widget-sow-editor so-widget-sow-editor-base"
			
		>
<div class="siteorigin-widget-tinymce textwidget">
	<p>Ballet en 2 actes et 6 tableaux d'après une suite de dessins de Giovanni Domenico Tiepolo</p>
<p>Première : le 22 juin 1934 à l’Opéra</p>
<p>Musique&nbsp;: Nicolas Nabokov</p>
<p>Argument&nbsp;(ou livret) : Claude Séran</p>
<p>Décors&nbsp;: Georges Mouveau</p>
<p>Costumes&nbsp;: Pedro Pruna</p>
<p>Direction musicale&nbsp;: Joseph-Eugène Szyfer</p>
<p>Principaux interprètes : Marie-Louise Didion (la belle Acrobate), Paulette Dynalix et Henriette Grelli (deux Acrobates), Louis Lebercher (le Marquis), Serge Lifar (Polichinelle), Lopez (une Vénitienne), Serge Peretti (Arlequin), Jacqueline Simoni (Madame Polichinelle), Thuillant (la Femme du barbier)</p>
<p style="text-align: center;">* * * * * * * *&nbsp;</p>
<p>[...] « Madame Claude Séran nous apprend que le sieur Polichinelle est né à Venise et qu’on lui enseigna de bonne heure l’art de la danse, mais que ces leçons furent loin d’aller toutes seules. Il fallut à plusieurs reprises employer la force pour maîtriser le jeune homme qui était paresseux comme une couleuvre et avait des yeux bienveillants uniquement pour une jolie jeune fille qui devint plus tard l’épouse. Mais, une fois marié, Polichinelle qui s’ennuyait avec sa femme, introduit dans la bergerie une fort jolie acrobate de cirque ; et il va jusqu’au crime en essayant de faire disparaître sa femme dans un puits. La justice se mêle de l’affaire, recherche le criminel et s’empare de lui. Polichinelle est exécuté, mais il ressuscite, parce qu’en fait il est immortel. » [...]</p>
<p>Jean Delyon in <em>Le Monde illustré</em>, 30 juin 1934, p. 538</p>
<p>&nbsp;</p>
<p><em>«La Vie de Polichinelle</em> (1934) et <em>Icare</em> (1935) marquent, à mon sens, le début de la seconde période de mon activité de choréauteur. Une conception neuve de la danse académique et de ses possibilités illimitées m’a permis depuis, tout en restant toujours sur un terrain « classique », d’éviter les répétitions, d’avoir recours aux « bases » aux – traditions – tout en les enrichissant des recherches, des découvertes et des exigences de l’actualité, d’établir ce qu’on appelle à présent le style « néo-classique ». »</p>
<p>Serge Lifar, <em>Le livre de la danse</em>, Les Editions du Journal Musical Français, Paris, 1954</p>
ngg_shortcode_0_placeholder
</div>
</div></div></div></div></div>

<p>Ballet en 2 actes et 6 tableaux d&#8217;après une suite de dessins de Giovanni Domenico Tiepolo Première : le 22 juin 1934 à l’Opéra Musique&nbsp;: Nicolas Nabokov Argument&nbsp;(ou livret) : Claude Séran Décors&nbsp;: Georges Mouveau Costumes&nbsp;: Pedro Pruna Direction musicale&nbsp;: Joseph-Eugène Szyfer Principaux interprètes : Marie-Louise Didion (la belle Acrobate), Paulette Dynalix et Henriette Grelli </p>

<!-- This site is optimized with the Yoast SEO plugin v27.4 - https://yoast.com/product/yoast-seo-wordpress/ -->
<title>La Vie de Polichinelle - Serge Lifar</title>
<meta name="robots" content="index, follow, max-snippet:-1, max-image-preview:large, max-video-preview:-1" />
<link rel="canonical" href="https://www.sergelifar.org/en/choregraphies/autres-ballets/la-vie-de-polichinelle/" />
<meta property="og:locale" content="en_US" />
<meta property="og:type" content="article" />
<meta property="og:title" content="La Vie de Polichinelle - Serge Lifar" />
<meta property="og:description" content="Ballet en 2 actes et 6 tableaux d&#039;après une suite de dessins de Giovanni Domenico Tiepolo Première : le 22 juin 1934 à l’Opéra Musique&nbsp;: Nicolas Nabokov Argument&nbsp;(ou livret) : Claude Séran Décors&nbsp;: Georges Mouveau Costumes&nbsp;: Pedro Pruna Direction musicale&nbsp;: Joseph-Eugène Szyfer Principaux interprètes : Marie-Louise Didion (la belle Acrobate), Paulette Dynalix et Henriette Grelli" />
<meta property="og:url" content="https://www.sergelifar.org/en/choregraphies/autres-ballets/la-vie-de-polichinelle/" />
<meta property="og:site_name" content="Serge Lifar" />
<meta property="article:modified_time" content="2024-06-12T09:23:06+00:00" />
<meta name="twitter:card" content="summary_large_image" />
<meta name="twitter:label1" content="Est. reading time" />
	<meta name="twitter:data1" content="2 minutes" />
<script type="application/ld+json" class="yoast-schema-graph">{"@context":"https:\/\/schema.org","@graph":[{"@type":"WebPage","@id":"https:\/\/www.sergelifar.org\/en\/choregraphies\/autres-ballets\/la-vie-de-polichinelle\/","url":"https:\/\/www.sergelifar.org\/en\/choregraphies\/autres-ballets\/la-vie-de-polichinelle\/","name":"La Vie de Polichinelle - Serge Lifar","isPartOf":{"@id":"https:\/\/dev2023.sergelifar.org\/en\/#website"},"datePublished":"2023-02-10T18:27:03+00:00","dateModified":"2024-06-12T09:23:06+00:00","breadcrumb":{"@id":"https:\/\/www.sergelifar.org\/en\/choregraphies\/autres-ballets\/la-vie-de-polichinelle\/#breadcrumb"},"inLanguage":"en-US","potentialAction":[{"@type":"ReadAction","target":["https:\/\/www.sergelifar.org\/en\/choregraphies\/autres-ballets\/la-vie-de-polichinelle\/"]}]},{"@type":"BreadcrumbList","@id":"https:\/\/www.sergelifar.org\/en\/choregraphies\/autres-ballets\/la-vie-de-polichinelle\/#breadcrumb","itemListElement":[{"@type":"ListItem","position":1,"name":"Accueil","item":"https:\/\/dev2023.sergelifar.org\/en\/"},{"@type":"ListItem","position":2,"name":"Choreographies","item":"https:\/\/www.sergelifar.org\/en\/choregraphies\/"},{"@type":"ListItem","position":3,"name":"Autres ballets","item":"https:\/\/www.sergelifar.org\/en\/choregraphies\/autres-ballets\/"},{"@type":"ListItem","position":4,"name":"La Vie de Polichinelle"}]},{"@type":"WebSite","@id":"https:\/\/dev2023.sergelifar.org\/en\/#website","url":"https:\/\/dev2023.sergelifar.org\/en\/","name":"Serge Lifar","description":"Site officiel de la Fondation Serge Lifar","potentialAction":[{"@type":"SearchAction","target":{"@type":"EntryPoint","urlTemplate":"https:\/\/dev2023.sergelifar.org\/en\/?s={search_term_string}"},"query-input":{"@type":"PropertyValueSpecification","valueRequired":true,"valueName":"search_term_string"}}],"inLanguage":"en-US"}]}</script>
<!-- / Yoast SEO plugin. -->

Ballet en 2 actes et 6 tableaux d'après une suite de dessins de Giovanni Domenico Tiepolo Première : le 22 juin 1934 à l’Opéra Musique&nbsp;: Nicolas Nabokov Argument&nbsp;(ou livret) : Claude Séran Décors&nbsp;: Georges Mouveau Costumes&nbsp;: Pedro Pruna Direction musicale&nbsp;: Joseph-Eugène Szyfer Principaux interprètes : Marie-Louise Didion (la belle Acrobate), Paulette Dynalix et Henriette Grelli
